{"id":328,"date":"2024-04-05T21:30:59","date_gmt":"2024-04-05T19:30:59","guid":{"rendered":"https:\/\/ucpp.gob.bo\/?page_id=328"},"modified":"2025-09-05T17:41:16","modified_gmt":"2025-09-05T21:41:16","slug":"descripcion-de-los-objetivos-y-funciones-principales-de-la-entidad-2","status":"publish","type":"page","link":"https:\/\/ucpp.gob.bo\/index.php\/descripcion-de-los-objetivos-y-funciones-principales-de-la-entidad-2\/","title":{"rendered":"Objetivos Institucionales."},"content":{"rendered":"<div class=\"wp-block-image\">\n<figure class=\"aligncenter size-full is-resized\"><img loading=\"lazy\" decoding=\"async\" width=\"1773\" height=\"1230\" src=\"https:\/\/ucpp.gob.bo\/wp-content\/uploads\/2025\/09\/LOGO-UCPP-1.png\" alt=\"\" class=\"wp-image-17314\" style=\"width:555px;height:auto\" srcset=\"https:\/\/ucpp.gob.bo\/wp-content\/uploads\/2025\/09\/LOGO-UCPP-1.png 1773w, https:\/\/ucpp.gob.bo\/wp-content\/uploads\/2025\/09\/LOGO-UCPP-1-300x208.png 300w, https:\/\/ucpp.gob.bo\/wp-content\/uploads\/2025\/09\/LOGO-UCPP-1-1024x710.png 1024w, https:\/\/ucpp.gob.bo\/wp-content\/uploads\/2025\/09\/LOGO-UCPP-1-768x533.png 768w, https:\/\/ucpp.gob.bo\/wp-content\/uploads\/2025\/09\/LOGO-UCPP-1-1536x1066.png 1536w\" sizes=\"auto, (max-width: 1773px) 100vw, 1773px\" \/><\/figure>\n<\/div>\n\n\n<p>De acuerdo al Plan Estrat\u00e9gico Institucional 2021 \u2013 2025, de la Unidad de Coordinaci\u00f3n de Programas y Proyectos, aprobado con Resoluci\u00f3n Ministerial N\u00b0187, de fecha 07 de julio de 2022, del Ministerio de Econom\u00eda y Finanzas Publicas, los objetivos estrat\u00e9gicos institucionales que se traducen en Acciones Estrat\u00e9gicas Institucional, seg\u00fan la Ley N\u00b0 777 del SPIE son:<\/p>\n\n\n\n<p>\u2022 Coordinar, gestionar y ejecutar programas y proyectos, en el marco de las competencias y atribuciones, as\u00ed como ejecutar proyectos de Construcci\u00f3n de Recintos Multiprop\u00f3sito de Frontera, para afirmar la soberan\u00eda nacional en fronteras del territorio nacional y coadyuvar al desarrollo econ\u00f3mico y social del pa\u00eds.<\/p>\n\n\n\n<p>\u2022 Realizar una Gesti\u00f3n P\u00fablica Administrativa y Financiera, eficaz, eficiente, transparente, planificada y organizada; coadyuvando en la obtenci\u00f3n de resultados institucionales de calidad en el marco de la normativa vigente.<\/p>\n\n\n\n<p><\/p>\n","protected":false},"excerpt":{"rendered":"<p>De acuerdo al Plan Estrat\u00e9gico Institucional 2021 \u2013 2025, de la Unidad de Coordinaci\u00f3n de Programas y Proyectos, aprobado con Resoluci\u00f3n Ministerial N\u00b0187, de fecha 07 de julio de 2022, del Ministerio de Econom\u00eda y Finanzas Publicas, los objetivos estrat\u00e9gicos institucionales que se traducen en Acciones Estrat\u00e9gicas Institucional, seg\u00fan la Ley N\u00b0 777 del SPIE [&hellip;]<\/p>\n","protected":false},"author":1,"featured_media":0,"parent":0,"menu_order":0,"comment_status":"closed","ping_status":"closed","template":"","meta":{"_acf_changed":false,"footnotes":""},"class_list":["post-328","page","type-page","status-publish","hentry"],"acf":[],"_links":{"self":[{"href":"https:\/\/ucpp.gob.bo\/index.php\/wp-json\/wp\/v2\/pages\/328","targetHints":{"allow":["GET"]}}],"collection":[{"href":"https:\/\/ucpp.gob.bo\/index.php\/wp-json\/wp\/v2\/pages"}],"about":[{"href":"https:\/\/ucpp.gob.bo\/index.php\/wp-json\/wp\/v2\/types\/page"}],"author":[{"embeddable":true,"href":"https:\/\/ucpp.gob.bo\/index.php\/wp-json\/wp\/v2\/users\/1"}],"replies":[{"embeddable":true,"href":"https:\/\/ucpp.gob.bo\/index.php\/wp-json\/wp\/v2\/comments?post=328"}],"version-history":[{"count":20,"href":"https:\/\/ucpp.gob.bo\/index.php\/wp-json\/wp\/v2\/pages\/328\/revisions"}],"predecessor-version":[{"id":17784,"href":"https:\/\/ucpp.gob.bo\/index.php\/wp-json\/wp\/v2\/pages\/328\/revisions\/17784"}],"wp:attachment":[{"href":"https:\/\/ucpp.gob.bo\/index.php\/wp-json\/wp\/v2\/media?parent=328"}],"curies":[{"name":"wp","href":"https:\/\/api.w.org\/{rel}","templated":true}]}}